of -28*u + 1/6*u**3 + c + 4*u**2. What is n(-6)?
2
Let b(n) be the second derivative of -n**5/20 - n**3/6 - n**2 - 2301*n. Let m(o) = o + 3. Let p be 8/(-1) - -2 - -1. Let v be m(p). What is b(v)?
8
Let p(x) = x**3 - 7*x**2 + x + 3. Let s be 490/18 - 7*2/63. Suppose -29 = -8*n + s. Give p(n).
10
Suppose 2*h + 162 = 4*f + f, -3*f + 94 = 2*h. Suppose -3*a + 11*a - f = 0. Suppose -28*q + a = -24*q. Let k(u) = 3*u**2 + 1. What is k(q)?
4
Let l(d) = -d**2 - 3*d + 22. Let z be (-24)/36*156/8. Let a(t) = -2*t**2 - 8*t + 46. Let w(x) = z*l(x) + 6*a(x). What is w(10)?
0
Let y be 75/30*(-3)/75 - (-45)/(-50). Let u(z) = -2*z**2 + 38*z + 39. Determine u(y).
-1
Let g(t) = t**3 + 9*t**2 + 8*t - 11. Suppose 13*r - 15*r = -4. Suppose -2*u + r*u = 5*u. Let c be 12*((-20)/12 - -1 - u). Determine g(c).
-11
Let d(b) = -13*b**2 - b + 1. Suppose 4*u + 20 = -5*z + 8, 6 = -3*u - 3*z. Suppose 3*x - 7 = -u*m, m + 3 = -5*x + 10. Determine d(x).
-13
Let b be ((-2)/(-27)*3)/(46/414). Let i(f) = -3317 + 4*f**b + 3317 - 3*f. Determine i(2).
10
Let m(x) = 3*x**2 - 73*x + 8. Let o be m(0). Let v(f) = 9*f - 70. What is v(o)?
2
Let w(a) = 7*a + 30. Let d be 45/(-6)*((-31)/(-20) + 42/(-56)). What is w(d)?
-12
Let j be -2*3/(24/(-28)). Let m(x) = 6*x**2 + 41*x + 34. Let y(o) = o**2 + 8*o + 7. Let a(z) = 2*m(z) - 11*y(z). Determine a(j).
-2
Suppose -25 + 169 = -6*j. Let c = 18 + j. Let a(z) = -10*z**2 + 3 + 9*z + 10*z**2 + z**2. What is a(c)?
-15
Let d(o) = 49*o**2 - 153*o**2 + 107*o**2 - 4 - 12*o. Give d(5).
11
Let l(v) = 36 - 60 + 23 + v + 2*v**2 - 3*v**2. Let d(p) = p**3 - 3*p**2 - 4*p + 4. Let t be d(4). Give l(t).
-13
Let f(b) = 4*b**2 + 5*b + 6. Suppose -2*k = 4*g, 5*g + 6*k - 4*k + 1 = 0. Calculate f(g).
5
Let w(n) = 4*n**3 + 41*n**2 + 5*n - 49. Let b(q) = -3*q**3 - 31*q**2 - 4*q + 37. Let l(z) = 9*b(z) + 7*w(z). Calculate l(-8).
-2
Let k = 507 + -480. Let g = k - 33. Let i(w) = w + 10. Give i(g).
4
Let k(m) be the third derivative of m**6/720 - m**5/12 - 5*m**4/12 - 7*m**2 - 2*m. Let b(t) be the second derivative of k(t). Determine b(8).
-2
Let g(d) = -d**3 - 2*d**2. Let z be 0 + -28 + 2 + -1. Let t = z + 31. Suppose 0 = 4*s + 9 + 11, -5*s - 17 = -t*u. Calculate g(u).
0
Let k(t) be the second derivative of -t**4/12 + 11*t**3/6 - 19*t**2/2 - 807*t. Let f = -11 + 19. Determine k(f).
5
Let n(r) be the second derivative of 1/3*r**3 + 0 - 1/60*r**5 - 5/24*r**4 + 5/2*r**2 - 28*r. Let z(j) be the first derivative of n(j). Calculate z(-5).
2
Suppose 32*g - 11 + 60 = -111. Let x(b) = 37*b + 187. Give x(g).
2
Let g(f) = f**2 - f + 13. Suppose -4*k = -3*l + 85 - 87, 5*l - 5*k = 5. Determine g(l).
43
Suppose 5*l - 5*y = -0*y + 40, l - 3*y = 12. Let i(s) = -s - 131 + s**2 + 258 - 128 - l*s. Give i(7).
-1
Let g(p) = 25*p - 6*p - 18*p. Suppose 0 = 2*i - w - 11, -3*i - 2*w = 2*w. Calculate g(i).
4
Let u be (7 - (5 + -17)) + -25. Let c(w) = w**2 + 18*w + 79. Give c(u).
7
Let x(o) = 3*o**2 + 6*o - 1. Let w = -60 + 59. Let r(p) = p**2 + 1. Let m(a) = w*x(a) + 5*r(a). Calculate m(4).
14
Let f(x) = x**3 - 7*x**2 + 7*x - 6. Let j be 6/(11/((-407)/2)). Let k = j - -117. Determine f(k).
0
Let o(q) = -4*q**2 - q - 20. Let x(u) = 3*u**2 - 3*u + 21. Let z(t) = -2*o(t) - 3*x(t). Determine z(5).
7
Let t(g) be the first derivative of -90 - 7/2*g**2 - 1/3*g**3 - 7*g. Calculate t(-6).
-1
Let b(n) = -14*n - 63. Let c be b(19). Let x = c + 322. Let g(w) = -2*w**2 - 11*w - 8. Calculate g(x).
-29
Let t(n) = -n**2 + 4*n - 2. Suppose -i - 2*v + 22 = -4*i, 0 = 5*v - 25. Let x be i/(-6)*25/(300/72). Calculate t(x).
-2
Suppose 5*m - 33 = -4*f, 27 = f + 3*m + 2*m. Let z(p) = -205*p**2 - f + 407*p**2 - 203*p**2 + 2*p. Let o = -1 + 4. Give z(o).
-5
Let d(q) = -4 - 2 - 2*q + q. Let j(n) = -4*n**3 + 2*n**2 + 7*n + 12. Let a be j(-5). Let x = a + -527. What is d(x)?
-6
Let u(n) be the second derivative of 0*n**3 - 1/12*n**4 + 18*n + 2 + 0*n**2. Determine u(2).
-4
Let w be 6*(2 + (-66)/9). Let l be ((-192)/(-36))/(6/(-36)). Let k = l - w. Let x(o) = -o**3 - o**2 - 5. Determine x(k).
-5
Suppose 3*y + 29 = -35 - 11. Let u(h) = -6*h - 88. Give u(y).
62
Let q(v) be the first derivative of -v**3/3 - 6*v**2 - 18*v - 1038. What is q(-11)?
-7
Let r(h) = 2*h**3 - 17*h**2 - 5*h - 22. Let b be r(9). Let a(q) = -q**2 + 4*q - 3. Let n be a(3). Let j(p) = 6 - p**2 - 8*p - 9*p + b*p + n. Give j(-5).
-4
Suppose 3*t - 24 = -3*g, 0 = -t - 0*g - 2*g + 8. Let a(m) = m**3 - 7*m**2 + m - 11. Calculate a(t).
61
Suppose -z - 2*z - 4*x = -110, -z + 36 = x. Suppose z + 8 = 7*s. Let j(q) = -q**2 + 8*q - 8 + 8*q**2 + 0 + 12*q - q**3 - 26*q. Determine j(s).
-8
Let z(f) be the second derivative of 4*f**3/3 + 3*f**2/2 + 2*f - 139. Calculate z(1).
11
Let m be 8/(16/6)*(-10)/(-6). Let a(z) = -14*z + 74. What is a(m)?
4
Let u(l) = -l**3 - 6*l**2 + 5*l + 9. Let a(t) = -t**2 - t + 1. Suppose -5*p + 2*z = -p - 14, -p - 14 = 3*z. Let n(q) = p*u(q) + 3*a(q). Calculate n(-9).
-6
Let p(r) = -9*r**3 - 4*r**2 - 5*r - 8. Let c(b) = 10*b**3 + 5*b**2 + 6*b + 8. Let f(s) = 10*c(s) + 11*p(s). Calculate f(-5).
-8
Let u(a) be the first derivative of -a**3/3 + 61*a**2/2 - 906*a - 13497. What is u(25)?
-6
Let d(a) = -a**2 - 7*a + 10. Suppose 0 = -217*m + 211*m + 864. Suppose -15*q = q + m. Calculate d(q).
-8
Let l(z) = -6*z + 153. Suppose -5*f - 36 = 5*s - 191, 2*f - 4*s - 32 = 0. Calculate l(f).
-3
Let v(t) = t**2 - 6*t - 85. Let o be v(13). Let z(q) = -6 - 93*q**2 + 179*q**2 - 4*q - 85*q**2. Give z(o).
6
Suppose 0 = 4*b - 22 - 2. Suppose -b*g = g - 42. Let z(o) = -20*o**2 + 4*o + 2. Let a(p) = -7*p**2 + p + 1. Let u(q) = 17*a(q) - 6*z(q). What is u(g)?
-1
Let d(z) = z**3 - 8*z**2 + 7*z - 4. Let h(l) = 3*l - 1. Let j be h(1). Suppose 13*r - 22 - 17 = 0. Suppose -3*s + s + 4*i + j = 0, -s - r*i = -16. Give d(s).
-4
Let b(g) = 4*g**2 + 29*g + 14. Let n = 4856 + -4862. What is b(n)?
-16
Let m(j) = 3*j - 9. Let d(a) = 8*a**2 - 74*a + 37. Let p be d(9). Give m(p).
48
Let j(s) = 8*s + 5. Let c(l) = -l**3 - 9*l**2 + 6*l - 38. Let u be c(-10). Let a(v) = -8*v - 9. Let p(d) = u*a(d) + 3*j(d). Calculate p(4).
29
Let a(t) be the second derivative of t**4/12 + 11*t**3/3 - 13*t**2 + 2496*t. What is a(-23)?
-3
Let n(j) be the third derivative of -j**5/60 - 3*j**4/8 + 37*j**3/6 + 5253*j**2. Give n(0).
37
Let d(q) = -3*q**3 - 4*q**2 - 5*q - 4. Let r be 3/(-3) - ((-120)/(-15) + -7). Determine d(r).
14
Let c(a) = a**3 + 2*a - 1. Let q(m) = -4*m**3 + 10*m**2 + 2*m + 22. Let j(h) = -5*c(h) - q(h). Calculate j(-9).
10
Let t(g) = -g**3 - 2*g**2 + 4*g + 3. Let c(a) = -8*a - 11. Let f be c(-6). Suppose -l = 5*z - f - 49, -z + 26 = -2*l. Suppose -z = 6*q - 0*q. What is t(q)?
0
Let b(m) = 3*m**2 - 10*m - 5. Let i be b(4). Let y(c) = -3*c - 3. Let d(o) = 2*o + 2. Let u(g) = 4*d(g) + 3*y(g). Calculate u(i).
-4
Let n be 6/1 - -4*36/48. Let v(a) = -6*a**2 - 13*a - 1. Let m(j) = 13*j**2 + 27*j + 1. Let p(z) = n*v(z) + 4*m(z). Give p(-6).
-23
Let l be ((-137)/548)/((-2)/8). Let j(u) = 18*u**2 + u - 2. What is j(l)?
17
Let p be (35 + -11)*((-2)/4 - (-13)/(-78)). Let f(c) = c - 31. Determine f(p).
-47
Let c(z) = z - 8. Suppose -391*h - 300 = -416*h. Determine c(h).
4
Suppose -64*i - 24 = -68*i. Let k(n) = -n**2 - n + 1 + 3*n**2 - 4 - 2*n**3 + i + 0*n**3. Give k(2).
-7
Let s(o) = -o**3 - 10*o**2 - 6*o + 11. Let n be ((-126)/21)/((-3)/(-4)). Give s(n).
-69
Let h(f) = 15*f**2 - 68*f + 29. Let q be h(4). Let z(o) = 11*o + 34. Calculate z(q).
1
Let a(q) = -q + 1. Let k(i) be the second derivative of -8*i - 10*i**2 + 5/6*i**3 + 0. Let g be k(5). Calculate a(g).
-4
Let f(v) = -v**3 + 11*v**2 - 5*v - 9. Let h(t) = -t**2 - t. Let b(d) = -f(d) - 2*h(d). Suppose o + 2*g - 13 = 3*g, g = -5*o + 35. What is b(o)?
1
Let o(l) = -18*l - 13. Let j(b) = -17*b + 11 + 11 - 33. Let s(d) = 5*j(d) - 4*o(d). Suppose 0 = -5*u + 3*q - 0 - 4, -2*q - 10 = 3*u. What is s(u)?
23
Let o(b) be the third derivative of 1/120*b**6 + 0 + 5/2*b**3 + 33*b - 11/60*b**5 - 1/12*b**4 - 4*b**2. Give o(11).
-7
Let i(d) = -3*d + 44. Let u be i(13). Let y(q) = 4*q - q**2 - u*q - 10*q - 11 + 0*q. Suppose 3 = -2*v + 3*a, 5*v + 50 = -0*v - a. Give y(v).
7
Let r(m) be the third derivative of 0*m - 1/6*m**4 - 13 - 1/60*m**5 + 2*m**2 - 1/2*m**3. Calculate r(-4).
-3
Let v = -16 - -11. Suppose 0*f - 6*f = -18. Let h(p) = 10*p**f + 4*p**2 + 8 - 3*p + 1 -